 = -5*h**2 + 5*h + 6. Let k(x) = -x**2 - 1. Let a(q) = -20*q**2 - 6 + 4 + 17*q**2. Let z(t) = -a(t) + 2*k(t). Let u(s) = l(s) + 4*z(s). Determine u(5).
6
Let b(s) = -2*s + s**3 - 10*s + 10*s - 8*s**2 - 6*s - 11. Suppose -5 = -2*g + 5. Let i = g + 4. What is b(i)?
-2
Suppose -4*o = -f - 0*f + 34, -3*o + 5*f = 34. Let k(m) = -2*m + 6. Let g = 11 + -4. Let p(u) = u - 3. Let d(n) = g*p(n) + 4*k(n). What is d(o)?
11
Let o be 3*5*((-14)/(-10) + -1). Suppose -999 = o*i + 201. Let n be 1/3 + i/24. Let x(a) = -a**3 - 9*a**2 - 8*a + 4. Give x(n).
4
Let x(c) = 87*c + 4. Suppose 0 = -16*t + 11*t - 10. Let f(g) = 28*g + 1. Let z(l) = t*x(l) + 7*f(l). Give z(1).
21
Let t be (6*11/198)/((-1)/(-9)). Let x(b) = b**3 - b**2 + 3*b + 4. Calculate x(t).
31
Let v(o) = -2*o**2 + 0*o**2 + o**3 + 1 - o**2 + 5*o**2 + 2*o. Let l(q) = -29*q**2 + 92*q - 17. Let u be l(3). Calculate v(u).
-3
Let t(g) = 34*g + 235. Suppose -2*k = -3*z + 32, 3*k - 182*z = -181*z - 27. Determine t(k).
-3
Let h be (-2*(-2)/(-2))/(-1). Let q(g) be the second derivative of 7*g**3/6 - g**2 - 384*g. Determine q(h).
12
Let q(x) = -6*x**2 - 82*x - 83. Let k(o) = -2*o**2 - 41*o - 37. Let z(s) = 5*k(s) - 2*q(s). Give z(21).
2
Let r(i) = 0*i + 9630*i**3 + i - 9629*i**3 + 1 + 5*i**2 - 29*i**2. Calculate r(24).
25
Suppose -32 = 16*v - 112. Let a(t) = 30*t - v*t - 1 - 3*t**2 + t**3 - 3*t**2 - 20*t. Let p be ((-4)/3)/(1/(-3)). Determine a(p).
-13
Let u(m) = m**3 + m**2 - m - 1. Let o be (0/((-4)/4))/2. Suppose 4*p + 2*x + 41 = 49, x = o. Calculate u(p).
9
Let y(i) = -2*i**3 - 3*i**2 + 4*i + 15. Let h be y(-5). Suppose -27*k + h = -73. Let n(l) = 2*l - 9. What is n(k)?
9
Suppose -38*f + 94 + 134 = 0. Let w(l) = -16*l + 2. What is w(f)?
-94
Let y(t) = 24*t + 4*t**2 + 0*t**2 + 512 + 0*t**2 - 5*t**2 - 566. Give y(23).
-31
Let r(o) = -4*o**2 + o - 3. Let z(x) = 5*x**3 + 76*x**2 + 22*x + 106. Let k be z(-15). Give r(k).
-6
Let o = -470 - -499. Let w(n) = -13 - 13 + 15*n + 7 - o*n + 13*n. What is w(-18)?
-1
Let z(n) = -4*n**2 + 5*n + 2. Let c(v) = -v**2. Let w(d) = 3*c(d) - z(d). Suppose -31*b = -61*b + 13*b + 85. Determine w(b).
-2
Let b(j) = -11*j + 2360 - 2366 - 2*j**2 + 0*j**2. Determine b(-4).
6
Let z(g) = g - 5. Let r(v) = -v**2 - 26*v - 130. Let d be r(-6). What is z(d)?
-15
Let d(w) = 7*w**2 - 2*w - 13. Suppose -604*k + 136 = -570*k. What is d(k)?
91
Let n(x) = 4*x**2 - 10*x + 11. Suppose -30*l + 20*l - 27*l + 111 = 0. What is n(l)?
17
Let v(a) = -5*a - 5. Let s(t) = 2*t + 2. Let b(p) = 7*s(p) + 3*v(p). Let c be (-1 + 1 - -5) + 1*-2. Let x(z) = z + 9. Let o(h) = c*b(h) + x(h). What is o(5)?
-4
Let d(l) = -l**2 + 6*l + 6. Suppose -4*r + 170 = -3*t, 4*t = 12 - 4. Let n be (-265)/(-55) + 8/r. What is d(n)?
11
Let f(i) = 9*i - 82. Suppose 32*q = -12*q + 352. What is f(q)?
-10
Let i(v) = -v**2 + 5*v - 2. Let d be ((-15)/(-5))/(2/(-4) + 1). Suppose 21 = 3*n + d. Determine i(n).
-2
Let h(o) = o**2 + 5*o - 9. Suppose 46*d + 24 = 49*d. Let j be 242/66 + (d/6 - 1). Suppose j*r + r + f = -35, -4*r - 4*f - 28 = 0. Give h(r).
5
Let f(j) = 18*j + 268. Suppose 2*m - t + 26 = 0, 3*t + 10 = -2*m + 8*t. Let o be f(m). Let b(u) = 2*u**2 + 6*u + 1. Give b(o).
-3
Let x(b) = -b - 5. Let h = -419 - -445. Let m = -1 - 29. Let c = h + m. Give x(c).
-1
Let t(i) = -i**2 + i + 57. Let u = -31217 + 31211. Determine t(u).
15
Let w(p) = 5*p - 2. Let y be 3 + (-1 - 0) + 21. Suppose 25*d - 2 = y*d. Let v(b) = 5*b**3 + b**2 - 2. Let u be v(d). What is w(u)?
18
Suppose -3*o = 5 + 4, -4*t + 3 = 3*o. Let p(k) = -12*k + 5*k**2 + 23*k + 0*k**t - 5 - k**3 + 2*k**2. Calculate p(8).
19
Let y(v) be the third derivative of v**5/3 + v**4/8 + v**3/2 + 618*v**2. Calculate y(-2).
77
Let f = -83 - -87. Let v be 10/(-1)*(-5)/5. Suppose 3*m + 0*b + f*b + 11 = 0, -5*b - v = 0. Let h(w) = -11*w**3 + w**2 + 2*w + 1. Calculate h(m).
11
Let a(x) = 11*x**2 + 132*x - 4. Let i = 4694 + -4706. Calculate a(i).
-4
Let r(a) = -a**3 - 4*a**2 + 6*a + 7. Let w be 2/(-10 + 0) + (-9309)/(-145). Let n = w + -61. Suppose -2*u - b - 13 = -0*u, n*u + 12 = b. What is r(u)?
2
Let k(q) = q**3 + 4*q**2 - 3*q - 4. Let g(o) be the second derivative of o**4/12 + o**3/6 + 3*o**2/2 - 15*o. Let a be g(-2). Let j = -9 + a. Give k(j).
8
Let q(b) = 105*b**2 - 411*b - 38. Let z be q(4). Let v(n) = -8*n**2 - 11*n - 2. Give v(z).
-12
Let s(p) = 311 - 53 - 115 - 3*p - 92. What is s(15)?
6
Let a = 17216 - 17217. Let n(y) = -37*y**2 + 2*y + 1. Calculate n(a).
-38
Let n(l) = 405*l - 398. Let w be n(1). Let i(p) = p**2 - 10*p + 14. What is i(w)?
-7
Let w be 10 + 3 - 5*-1. Let t(j) = -14*j**2 + 6*j - 5. Let r be t(1). Let p = w + r. Let i(l) = 3*l + 7. Determine i(p).
22
Let v(p) = p**2 - 8*p - 1. Let z = 215 - 163. Let y = z - 46. Give v(y).
-13
Let b(o) = -o**2 + 18*o + 13. Let x be b(19). Let p be ((-8)/x)/(2/24). Let z = -22 + p. Let c(s) = -s + 2. Calculate c(z).
8
Let x(p) = 8*p**2 - 17*p - 16. Let r(c) = c**2 - 2. Let w(l) = 6*r(l) - x(l). Let z(i) = 3*i**2 - 34*i - 11. Let y(n) = -5*w(n) - 3*z(n). Determine y(-16).
-3
Let j(m) = -m**2 + 3*m + 76. Let a = -725 + 717. Let r be j(a). Let c(i) = -i**3 - 11*i**2 + 12*i - 11. Determine c(r).
-11
Let z(v) = 11*v + 7. Let p(j) = -5. Let q(a) = -5*p(a) - z(a). Give q(-3).
51
Suppose 39*z = 45 - 6. Let f(m) be the third derivative of 19*m**4/24 - m**3/6 - 14*m**2. Give f(z).
18
Let w(a) = -a**3 - 13*a**2 + a + 5. Suppose -5*s - 37 + 56 = 84. Give w(s).
-8
Let w(y) = 5*y**2 + 2*y + 1. Let o(m) = -24*m**2 - 8*m - 8. Let q(l) = -o(l) - 5*w(l). Determine q(-6).
-21
Let x(g) be the second derivative of -g**7/280 - g**6/360 + g**4/24 - 81*g**3/2 + 66*g - 2. Let q(b) be the second derivative of x(b). Give q(1).
-3
Let g = -644 + 646. Let k(c) = -g - 3 + 9 + 13 - 5 - 4*c. Give k(5).
-8
Let w(c) be the second derivative of 43*c**3/6 + 47*c**2/2 + 2755*c. Determine w(-1).
4
Let b = -414 + 416. Let m(y) = 6*y + 0*y**2 - 2*y**2 - 857 + 856 + y**b. What is m(6)?
-1
Let o(j) be the third derivative of 1/60*j**5 - 2/3*j**3 + 0*j + 52*j**2 + 0 - 3/8*j**4. Calculate o(10).
6
Let k(y) = -y**3 + 5*y**2 - 2*y + 4. Let x be (1/(-2))/((-4)/(3 - 379)). Let t = 52 + x. Let m be k(t). Let q(r) = 2*r. Calculate q(m).
-12
Let a be ((-26)/24 + 72/96)*15. Let q(x) = -x**2 - 8*x - 8. Give q(a).
7
Let r(l) be the first derivative of -l**5/120 + 3*l**4/4 - 2*l**3/3 - 12*l - 81. Let a(x) be the third derivative of r(x). Calculate a(8).
10
Let l(g) be the first derivative of -2*g**3/3 - 9*g**2 - 31*g - 608. Calculate l(-7).
-3
Let g(o) = -3*o**2 + 8*o + 1. Let j(v) = -4*v**2 + 8*v + 2. Let d(p) = 3*g(p) - 2*j(p). Let n = -1243 - -1251. Give d(n).
-1
Suppose p - 276 = -276. Suppose p = 59*m - 58*m. Let d(y) = y**2 - 19. Calculate d(m).
-19
Let g(m) be the first derivative of m**2/2 - 2*m + 6. Let p(v) = -v**2 - 17*v + 28. Let h be p(-18). Suppose -10 = -3*f - h. Calculate g(f).
-2
Let n = -1 - -22. Let u = 27 - n. Let j(t) be the first derivative of t**4/4 - 5*t**3/3 - 5*t**2/2 - t - 1. Give j(u).
5
Let j be (-31)/((-496)/(-192)) - -7. Let x(m) = 21*m + 79. Give x(j).
-26
Let p(c) = c**3 - 4*c. Let b = -285 + 276. Let z be 75/45 - 12/b. Determine p(z).
15
Let v(d) = d**3 - 4*d**2 - 4*d - 5. Suppose s = -2*s - z + 103, -3*s = -5*z - 79. Suppose 4*g - 2*g - 56 = 0. Suppose 20 = -g*n + s*n. Calculate v(n).
-21
Let r(d) = -d**2 + 11*d - 6. Let f(j) = -j**2 + 12*j - 7. Suppose 29 = 2*l + 23. Let h(g) = l*f(g) - 4*r(g). Determine h(6).
-9
Let q(o) = -4*o**3 - 54*o**2 - 29*o - 35. Let g be q(-13). Let n(y) be the second derivative of 1/12*y**g + 4*y**2 + 0 + 26*y + 7/6*y**3. What is n(-7)?
8
Let f(q) = -7624*q - 7624. Let u be f(-1). Let a(n) be the third derivative of n**6/120 - n**5/60 + n**4/24 + 2*n**3/3 - n**2. Calculate a(u).
4
Let j(i) = i + 9. Let a(r) = -2*r**2 + 8*r + 2. Let b be (2/(-1) + 0)*-2. Let u be a(b). Suppose 2 = -q + 5*c, 5*c + 12 = -u*q - 7. Give j(q).
2
Let d(j) = j**3 + 3*j + 1. Suppose 2*v = -5*r + 54 - 24, 3*r - 18 = 5*v. Determine d(v).
1
Let g(f) = -30*f + 3. Let b(n) = -63*n + 8. Let a(q) = -6*b(q) + 13*g(q). Calculate a(4).
-57
Let x = -1314 - -1303. Let s(z) = 4*z**2 + 45*z. Determine s(x).
-11
Suppose -3*w = -d - 0*w - 8, -d + 2*w = 4. Suppose 0*f + d = -2*f. Let j(h) be the first derivative of -h**4/4 - h**3/3 - h**2 - 3*h + 259. Give j(f).
5
Let h(b) =